{"id":187,"date":"2025-09-10T15:14:28","date_gmt":"2025-09-10T15:14:28","guid":{"rendered":"https:\/\/kids.experience-ephemere.fr\/?page_id=187"},"modified":"2025-12-18T13:25:28","modified_gmt":"2025-12-18T13:25:28","slug":"contact","status":"publish","type":"page","link":"https:\/\/kids.experience-ephemere.fr\/index.php\/contact\/","title":{"rendered":"Contact"},"content":{"rendered":"\n<div class=\"wp-block-group alignwide has-global-padding is-layout-constrained wp-container-core-group-is-layout-3317f9b0 wp-block-group-is-layout-constrained\" style=\"padding-top:var(--wp--preset--spacing--10);padding-right:var(--wp--preset--spacing--50);padding-bottom:var(--wp--preset--spacing--10);padding-left:var(--wp--preset--spacing--50)\">\n<div class=\"wp-block-columns alignfull is-layout-flex wp-container-core-columns-is-layout-c6809a2b wp-block-columns-is-layout-flex\">\n<div class=\"wp-block-column has-global-padding is-layout-constrained wp-container-core-column-is-layout-c19476fc wp-block-column-is-layout-constrained\">\n<p class=\"has-text-align-center\">Une question ?<br>Contactez nous via email :<br>contact@experience-ephemere.fr<br>ou au 07 59 55 61 39.<\/p>\n\n\n\n<p class=\"has-text-align-center\">Eph\u00e9m\u00e8re est une s\u00e9rie d\u2019\u00e9v\u00e8nements sur des th\u00e9matiques fortes. Plus d&#8217;informations sur <a href=\"http:\/\/www.experience-ephemere.fr\">experience-ephemere.fr<\/a><\/p>\n\n\n\n<p class=\"has-text-align-center\">Eph\u00e9m\u00e8re Kids est produit par Le groupe 4 Vents, TISA Production en partenariat avec 4VB et l\u2019association Pandore.<br><\/p>\n<\/div>\n\n\n\n<div class=\"wp-block-column is-layout-flow wp-container-core-column-is-layout-e3d1c41b wp-block-column-is-layout-flow\">\n<figure class=\"wp-block-image alignwide size-full is-style-rounded is-style-rounded--1\"><img loading=\"lazy\" decoding=\"async\" width=\"760\" height=\"540\" src=\"http:\/\/kids.experience-ephemere.fr\/wp-content\/uploads\/2025\/09\/Resa-modele3.jpg\" alt=\"\" class=\"wp-image-135\" srcset=\"https:\/\/kids.experience-ephemere.fr\/wp-content\/uploads\/2025\/09\/Resa-modele3.jpg 760w, https:\/\/kids.experience-ephemere.fr\/wp-content\/uploads\/2025\/09\/Resa-modele3-300x213.jpg 300w\" sizes=\"auto, (max-width: 760px) 100vw, 760px\" \/><\/figure>\n<\/div>\n<\/div>\n<\/div>\n","protected":false},"excerpt":{"rendered":"<p>Une question ?Contactez nous via email :contact@experience-ephemere.frou au 07 59 55 61 39. Eph\u00e9m\u00e8re est une s\u00e9rie d\u2019\u00e9v\u00e8nements sur des th\u00e9matiques fortes. Plus d&#8217;informations sur experience-ephemere.fr Eph\u00e9m\u00e8re Kids est produit par Le groupe 4 Vents, TISA Production en partenariat avec 4VB et l\u2019association Pandore.<\/p>\n","protected":false},"author":1,"featured_media":0,"parent":0,"menu_order":0,"comment_status":"closed","ping_status":"closed","template":"","meta":{"_monsterinsights_skip_tracking":false,"_monsterinsights_sitenote_active":false,"_monsterinsights_sitenote_note":"","_monsterinsights_sitenote_category":0,"_uf_show_specific_survey":0,"_uf_disable_surveys":false,"footnotes":""},"class_list":["post-187","page","type-page","status-publish","hentry"],"_links":{"self":[{"href":"https:\/\/kids.experience-ephemere.fr\/index.php\/wp-json\/wp\/v2\/pages\/187","targetHints":{"allow":["GET"]}}],"collection":[{"href":"https:\/\/kids.experience-ephemere.fr\/index.php\/wp-json\/wp\/v2\/pages"}],"about":[{"href":"https:\/\/kids.experience-ephemere.fr\/index.php\/wp-json\/wp\/v2\/types\/page"}],"author":[{"embeddable":true,"href":"https:\/\/kids.experience-ephemere.fr\/index.php\/wp-json\/wp\/v2\/users\/1"}],"replies":[{"embeddable":true,"href":"https:\/\/kids.experience-ephemere.fr\/index.php\/wp-json\/wp\/v2\/comments?post=187"}],"version-history":[{"count":9,"href":"https:\/\/kids.experience-ephemere.fr\/index.php\/wp-json\/wp\/v2\/pages\/187\/revisions"}],"predecessor-version":[{"id":298,"href":"https:\/\/kids.experience-ephemere.fr\/index.php\/wp-json\/wp\/v2\/pages\/187\/revisions\/298"}],"wp:attachment":[{"href":"https:\/\/kids.experience-ephemere.fr\/index.php\/wp-json\/wp\/v2\/media?parent=187"}],"curies":[{"name":"wp","href":"https:\/\/api.w.org\/{rel}","templated":true}]}}

<div class="wp-block-group alignwide has-global-padding is-layout-constrained wp-container-core-group-is-layout-3317f9b0 wp-block-group-is-layout-constrained" style="padding-top:var(--wp--preset--spacing--10);padding-right:var(--wp--preset--spacing--50);padding-bottom:var(--wp--preset--spacing--10);padding-left:var(--wp--preset--spacing--50)">
<div class="wp-block-columns alignfull is-layout-flex wp-container-core-columns-is-layout-c6809a2b wp-block-columns-is-layout-flex">
<div class="wp-block-column has-global-padding is-layout-constrained wp-container-core-column-is-layout-c19476fc wp-block-column-is-layout-constrained">
<p class="has-text-align-center">Une question ?<br>Contactez nous via email :<br>contact@experience-ephemere.fr<br>ou au 07 59 55 61 39.</p>



<p class="has-text-align-center">Ephémère est une série d’évènements sur des thématiques fortes. Plus d&#8217;informations sur <a href="http://www.experience-ephemere.fr">experience-ephemere.fr</a></p>



<p class="has-text-align-center">Ephémère Kids est produit par Le groupe 4 Vents, TISA Production en partenariat avec 4VB et l’association Pandore.<br></p>
</div>



<div class="wp-block-column is-layout-flow wp-container-core-column-is-layout-e3d1c41b wp-block-column-is-layout-flow">
<figure class="wp-block-image alignwide size-full is-style-rounded is-style-rounded--1"><img loading="lazy" decoding="async" width="760" height="540" src="http://kids.experience-ephemere.fr/wp-content/uploads/2025/09/Resa-modele3.jpg" alt="" class="wp-image-135" srcset="https://kids.experience-ephemere.fr/wp-content/uploads/2025/09/Resa-modele3.jpg 760w, https://kids.experience-ephemere.fr/wp-content/uploads/2025/09/Resa-modele3-300x213.jpg 300w" sizes="auto, (max-width: 760px) 100vw, 760px" /></figure>
</div>
</div>
</div>

<p>Une question ?Contactez nous via email :contact@experience-ephemere.frou au 07 59 55 61 39. Ephémère est une série d’évènements sur des thématiques fortes. Plus d&#8217;informations sur experience-ephemere.fr Ephémère Kids est produit par Le groupe 4 Vents, TISA Production en partenariat avec 4VB et l’association Pandore.</p>
